ppose t = -3*w + 4*w - q, 0 = -w + 4*t + 82. Is w a prime number?
False
Let o(m) = 18*m**3 - 4*m**2 + 2*m - 7. Let u be 235/45 - (16/(-9) - -2). Is o(u) a composite number?
False
Let h(a) = 418*a - 6. Let v be h(2). Suppose -2*o + 732 = -v. Is o composite?
True
Let n = -8773 + 13100. Is n composite?
False
Let n(z) = 54*z**2 - 56*z + 38. Is n(8) a composite number?
True
Let t(d) = -90*d + 1. Let l = 7 - 8. Let n be t(l). Suppose 5*g = 346 - n. Is g a composite number?
True
Is (2138/3)/(10/15) prime?
True
Let c = 16 - 12. Let h be (2 + 23)*c/20. Suppose -v + 824 = 4*j - h*v, -5*j + 1050 = -v. Is j composite?
False
Let f(y) = 170*y + 101. Is f(15) prime?
False
Suppose 0*m = -3*m + 576. Suppose 3*d - 4*h - 3694 = 0, 5*d + 5*h - 6302 = -m. Is d a composite number?
True
Let z be 93 - (-1)/((-3)/6). Suppose -z = -v - 3*q, 0*q = -2*v + 4*q + 202. Is v a composite number?
False
Is -2174*30/24*-2 a composite number?
True
Suppose 3*n - 5*l = 24030 - 7566, -l = -n + 5486. Is n a composite number?
False
Let q = 259 - -114. Is q a prime number?
True
Let c = -15307 - -24908. Is c composite?
False
Let m(r) = -1478*r + 14. Let o be m(-4). Suppose 39*c + o = 41*c. Is c a composite number?
False
Suppose 5*z - 2*h = 24, 5*z - 27 + 9 = -h. Suppose 3*p = -o + 1003, -z*p = -o - 0*p + 975. Is o a composite number?
False
Let h(t) be the second derivative of t**4/12 + 13*t**3/6 + 6*t**2 + 5*t. Let m be h(-12). Suppose 5*v - 4*v - 4 = m, 0 = c - v - 33. Is c composite?
False
Let d = -1011 + 1694. Is d a composite number?
False
Suppose 0 = -3*b - 2*b + 35. Suppose -19 = -4*y - b. Suppose 0 = y*g - 52 - 41. Is g a composite number?
False
Is -3 + 3 - (-24 - 12053) a composite number?
True
Let m be (2 - 0)/(2/153). Suppose 0 = 11*j - 27 + 5. Suppose m = t + j*t. Is t a composite number?
True
Let l(c) = -c**3 - 6*c**2 + 10*c - 21. Let t be l(-9). Let a = t + -49. Is a a prime number?
True
Suppose -4*s = 8, 3*z - 3*s + 2471 - 12554 = 0. Is z a composite number?
False
Let z(p) = 6*p**2 + 1 - 7*p - 4 - 14*p + 13*p. Is z(8) prime?
True
Let c = -7 - -12. Suppose -6*t + c*t = -l - 1, 2*t + l - 5 = 0. Let r(v) = 7*v**3 - 3*v**2 + v + 1. Is r(t) a prime number?
True
Suppose -5*t + 20 = -3*t - 5*m, -8 = 4*t + 2*m. Suppose -8*a + 6*a + 1474 = t. Is a composite?
True
Let y = 11037 + -7466. Is y a prime number?
True
Let q(c) be the second derivative of 35*c**4/12 - 5*c**3/2 - 13*c**2/2 - 16*c. Is q(7) a prime number?
True
Let p(k) = -k. Let b(d) = 54*d + 7. Let s(t) = b(t) + 2*p(t). Let m be s(6). Suppose 2*l = 3*l - m. Is l composite?
True
Suppose 2148 = 4*t - 2336. Is t prime?
False
Let v(b) = 2*b - 12. Let f be ((-4)/8)/((-2)/24). Let a be v(f). Suppose a*o + 2*o = -5*m + 112, 3*o = -4*m + 154. Is o composite?
True
Suppose -3*u + 6*u - 204 = 0. Let c = u + 183. Is c prime?
True
Let k = 4177 + -2778. Is k a prime number?
True
Let s = -20 - -25. Suppose 4778 = s*g + 3*c, -5*g + c - 981 + 5755 = 0. Is g composite?
True
Let g = 5532 - 2389. Is g a composite number?
True
Suppose 2112274 + 6199347 = 89*q. Is q a composite number?
True
Let f(d) = -7*d**3 - 15*d**2 + 5*d - 6. Let q(i) = -6*i**2 + 2*i**2 + 0 - 11*i**3 - 19*i**2 - 9 + 8*i. Let a(c) = -8*f(c) + 5*q(c). Is a(-4) a composite number?
False
Suppose 30*z - 246467 = 17*z. Is z a composite number?
False
Let b(r) = -13*r**2 + 8*r - 8. Let i be b(6). Let v = 735 + i. Is v prime?
True
Suppose m + 2 = 2*m. Suppose w - 3*w = q - m, w + 17 = 4*q. Suppose -2*d - 254 = -q*d. Is d a composite number?
False
Let x = 5228 + -2725. Is x prime?
True
Suppose p + 3*p = 5*a - 13953, -p = -2*a + 5580. Is a a composite number?
False
Suppose 2*n - 4*j - 12 = 0, -n + 0 - 8 = 5*j. Let o(h) = -1 + 22*h**2 - n + 0 + 0 - 5*h. Is o(4) a prime number?
False
Suppose -b + 7989 = 2*l, -7*l = -11*l - 8. Is b prime?
True
Let s = -256943 - -426244. Is s a composite number?
True
Is 5032 + -1*((-30)/(-5))/2 composite?
True
Let h(d) = 190*d - 8. Let j(u) = -379*u + 17. Let f(n) = -5*h(n) - 2*j(n). Let z be f(-3). Let c = z + -325. Is c a composite number?
False
Suppose 2*j - 3*j = 0. Suppose 14 + 1 = 5*s. Suppose -n + 102 = s*t, 6*n - n - 2*t - 561 = j. Is n a composite number?
True
Let t = 43487 + -11614. Is t prime?
True
Let a(m) = 9*m**3 - 14*m**2 + 37*m - 5. Is a(6) composite?
False
Let o = -41742 - -106885. Is o a prime number?
False
Suppose -10*m - 54440 = -18*m. Is m composite?
True
Suppose -5*f - 4 = -3*t - 2, 3*f + 5*t = 26. Suppose -3 = v, f*o + 4*v - 4233 = -o. Is o prime?
False
Suppose -3*b = -4 - 2. Suppose -b*i + 497 = -255. Suppose s - i + 139 = 0. Is s a composite number?
True
Let t(v) = -v**2 + v + 6. Let r be t(0). Suppose -3085 = -r*o - 811. Is o a composite number?
False
Suppose -4*w + 3*q = -w - 9, 4*w + 3*q = 12. Suppose 3*y = -w*z + 1443, -y + 2*y = 4*z + 471. Is y a composite number?
False
Let d = 17 + -13. Suppose 0*k - d*k = -16668. Is k/11 + 8/44 a composite number?
False
Let x(c) = 599*c + 13. Is x(2) a prime number?
False
Let h be (-2 - (-1 + 3)) + -30. Let m = 28 + h. Is (-3)/(-12)*-446*m prime?
False
Let x(m) = 2*m**3 + 8*m**2 - m - 14. Is x(5) a composite number?
False
Let i(m) = -m**2 - m. Let t(w) = 382*w**2 + 9*w - 4. Let r(n) = 4*i(n) + t(n). Is r(1) prime?
True
Suppose 0 = 2*x + 3*h - 3744, -x + 0*h - 5*h + 1886 = 0. Suppose 3*g - 3*m = 2040, 3*g - 2*m - x = 179. Is g a composite number?
True
Let g(y) = 156*y**2 + 1. Let n be 2/(-4) - (-34)/(-4). Let j = -8 - n. Is g(j) a prime number?
True
Suppose 3*q - 10 = 4*g - 0*q, 5*g - 5*q + 10 = 0. Let z(f) = 2*f**2 + 5*f - 1. Is z(g) a prime number?
True
Suppose -2*w - 1913 = -7*h + 2*h, 3*h - 1159 = 4*w. Is h a composite number?
True
Suppose -67 = 6*u - 187. Let d = u - 20. Suppose -2*t = d, -4*t + 3*t = 4*z - 1096. Is z prime?
False
Let v = 8186 - -6827. Is v a prime number?
True
Is (1761/(-3))/((-12)/12) composite?
False
Let d(u) = 217*u**2 - 37*u + 23. Is d(14) a composite number?
True
Is (5998/(-2))/((-2)/((-6)/(-3))) prime?
True
Suppose 0 = 5*i - 5*x - 5, -x - 1 = 5*i - 0*x. Suppose i*z = -4*z. Suppose 2*u = -z*u + 310. Is u prime?
False
Let x = 11 - 8. Suppose 4*i = -12, -5*r + x*i - 153 = -i. Let m = 56 - r. Is m a prime number?
True
Let d(s) = -5*s + 3*s**2 - 11*s + 15 - 14*s**2 + 13*s**2. Is d(10) composite?
True
Let t = 75 + -91. Is (-1)/4 - 10868/t composite?
True
Is (-14)/(-4)*375210/693 a composite number?
True
Let a = 32 - -184. Let d = a + 971. Is d composite?
False
Suppose 21*u - 22*u = -2. Suppose u*r = -b + 733, -5*b = -r + 5*r - 3665. Is b a prime number?
True
Let y(g) = -2*g - 10. Let u be y(-6). Let z be u/(-2) - (-8 + 55). Let r = z + 83. Is r composite?
True
Let d(o) = o**3 + o. Let u(j) = -113*j**3 + 2*j**2 - 5*j. Let c(m) = -6*d(m) - u(m). Let v be c(-1). Let k = 185 + v. Is k prime?
False
Let j(l) = 7*l**2 - 2*l - 4. Suppose 5*f - 5*r = -65, 5*r + 54 = 2*f - 4*f. Let a = f + 20. Is j(a) a prime number?
True
Suppose 5*x = -27*x + 765280. Is x prime?
False
Suppose 3*y - 2*p + 6670 = 87081, -4*y + 107196 = 2*p. Is y composite?
False
Let d(v) = -243*v + 149. Is d(-10) composite?
False
Suppose -87*d = -239*d + 3931784. Is d a prime number?
True
Let o = 7130 - 67. Is o composite?
True
Let s(i) = -4*i - 4. Let f be s(-4). Suppose 3*c + 6 = f. Suppose 0*y - c*y + 830 = 0. Is y a prime number?
False
Let y(r) = 2*r**3 + 65*r**2 - 25*r - 23. Is y(-32) a composite number?
False
Let h = 5 - 1. Let i(k) = -3*k + 57. Let l be i(19). Suppose -204 = -h*v - l*v. Is v composite?
True
Let l(z) = -z**3 + 7*z**2 - 7*z + 7. Let u be l(7). Is u/9 + 5 + 170/3 a composite number?
True
Suppose 0 = 4*o - 8*o - 24. Let z(x) = -4 - 76*x - 53*x - x + 9. Is z(o) a prime number?
False
Let n(j) be the second derivative of 1/2*j**2 + 0 + 1/3*j**3 + 65/12*j**4 + 8*j. Is n(2) prime?
False
Let k be ((-6)/(-8))/(-1) - 22/(-8). Suppose k*z + 10 = -3*z, l + 4*z = 141. Is l a prime number?
True
Is 381/4 - ((-25)/(-20) - 1) a composite number?
True
Is ((-365495)/260)/((-1)/20) composite?
True
Suppose -2*d - 5*n = 1780, 3*n - 1113 = d - 201. Let r = 1319 + d. Is r prime?
True
Let u = 9668 - 3373. Is u composite?
True
Suppose 0*h + 18 = 5*h + i, -2*h - 5*i - 2 = 0. Suppose 3*u + 4 = h*u, -2*f + 20 = 5*u. Suppose 9 = 3*z, f = -4*g + 2*z - 6*z + 1336. Is g a prime number?
True
Let x = 2 + 1. Suppose 32 = 3